1 + 12?
-10120212012110102
In base 16, what is 29 + 21091e?
210947
In base 6, what is -532452530 - 5?
-532452535
In base 8, what is 124237263 + -2?
124237261
In base 7, what is 0 - 256534145?
-256534145
In base 4, what is -23133013 + 331?
-23132022
In base 4, what is 313212 + -100101?
213111
In base 11, what is -1128a1 - 49a?
-113290
In base 5, what is -1 + 2231121442?
2231121441
In base 12, what is 6b09a75 - 0?
6b09a75
In base 6, what is -20130004 + -102?
-20130110
In base 5, what is -112330001 + -10?
-112330011
In base 5, what is 111121333343 + 0?
111121333343
In base 16, what is -af - -6513?
6464
In base 6, what is -213001 + -122040?
-335041
In base 16, what is 762a717 + 0?
762a717
In base 4, what is -30 - -1002021120301?
1002021120211
In base 6, what is 0 + 355302114?
355302114
In base 16, what is f5 + -4d16c?
-4d077
In base 9, what is 5 + -122832646?
-122832641
In base 10, what is -18370239 - -6?
-18370233
In base 5, what is 302 + 4223201?
4224003
In base 11, what is -8524186 - -4?
-8524182
In base 10, what is 8904304 - -16?
8904320
In base 3, what is -1022111001 + -21120112?
-1121001120
In base 4, what is -20230 + -31230?
-112120
In base 10, what is -433769 + -303?
-434072
In base 12, what is -4 + -b416252?
-b416256
In base 8, what is -15125652 - 16?
-15125670
In base 4, what is 33 - -333231120?
333231213
In base 8, what is 214776 + -1143?
213633
In base 3, what is -11200021201 - 11011?
-11200102212
In base 11, what is -3 - 58a00167?
-58a0016a
In base 2, what is -1111 + -101011010100000110?
-101011010100010101
In base 14, what is a421d3 + 12?
a42205
In base 6, what is -312554 + 421?
-312133
In base 4, what is -11133 - 101330230?
-102002023
In base 10, what is -45320 + 156?
-45164
In base 4, what is 112133222033 + -3?
112133222030
In base 11, what is -1926aa - 97?
-192796
In base 13, what is -4 + -1c91c22?
-1c91c26
In base 16, what is -2ed - 20288?
-20575
In base 5, what is -2423422304 - 1?
-2423422310
In base 5, what is 3 + -2300144230?
-2300144222
In base 9, what is -4274431 + 11?
-4274420
In base 13, what is -204b8 + -36?
-20521
In base 5, what is -2034212 + 20124?
-2014033
In base 2, what is 1110011101 + 1011110?
1111111011
In base 10, what is 18052888 + 2?
18052890
In base 14, what is 355ad - -45d?
35a2c
In base 12, what is 10 + -a70b455?
-a70b445
In base 8, what is 3 - -3506116?
3506121
In base 10, what is 6 + 20104538?
20104544
In base 2, what is -100110110 - 101100100000110?
-101101000111100
In base 13, what is 18 - 11c878?
-11c860
In base 9, what is -6 + 38315415?
38315408
In base 15, what is 8 + eeb84?
eeb8c
In base 15, what is -2dad33 + b8?
-2dac6a
In base 6, what is 21 + 5215342524?
5215342545
In base 2, what is 111110 + 1000011011001000011001?
1000011011001001010111
In base 15, what is -11915a - 71?
-1191cb
In base 5, what is 2 - -314321122?
314321124
In base 9, what is -160 + -322650?
-322820
In base 16, what is 297a61f + -17?
297a608
In base 15, what is -2331 - -c98?
-1588
In base 6, what is 11435 + -4111?
3324
In base 10, what is -95 + -13083889?
-13083984
In base 12, what is 80331 + 72?
803a3
In base 14, what is -740b035 - -4?
-740b031
In base 6, what is 2312103225 + -11?
2312103214
In base 14, what is -8b3c3 - 5a8?
-8b98b
In base 7, what is -32 + 335062?
335030
In base 5, what is 1 - -211004201443?
211004201444
In base 7, what is -3310122 + 5?
-3310114
In base 10, what is 5 + 72496644?
72496649
In base 14, what is -309d + -2bd?
-337c
In base 2, what is 10101110100 - -111101111111111?
1000000101110011
In base 2, what is -11000001111110011101001010 + 1111?
-11000001111110011100111011
In base 6, what is 13443 + 24253?
42140
In base 3, what is -2 + -21210101200101?
-21210101200110
In base 2, what is -11 + -10010110011000101001001010?
-10010110011000101001001101
In base 6, what is -12444 + 1310153?
1253305
In base 3, what is -2101020120121102 + -100?
-2101020120121202
In base 9, what is -188 - 87142?
-87341
In base 4, what is 20200 + -11312113?
-11231313
In base 14, what is -70cb8b + -5?
-70cb92
In base 16, what is -2d453c98 - -3?
-2d453c95
In base 15, what is 56986e + 8?
569877
In base 6, what is 543123 - 1201?
541522
In base 11, what is -24244 + -252?
-24496
In base 8, what is 64371 + -1246?
63123
In base 14, what is 1835 + 2a20?
4455
In base 16, what is 293809a + 7?
29380a1
In base 2, what is -110001010110001110111101100 + -110?
-110001010110001110111110010
In base 6, what is -1 - 4303545034?
-4303545035
In base 13, what is -1 + -7c28a7?
-7c28a8
In base 12, what is 382 + -4305?
-3b43
In base 14, what is ad1 - 26b?
864
In base 10, what is -124 - -9880138?
9880014
In base 4, what is -31310203301023 + 3?
-31310203301020
In base 14, what is -3bd90 + 7?
-3bd87
In base 13, what is 54b94 - 7c?
54b15
In base 3, what is 10010000 - 112102102?
-102022102
In base 3, what is 100110 + 1010202111221?
1010202212101
In base 10, what is -18957 - -12969?
-5988
In base 10, what is -19 + -5161798?
-5161817
In base 9, what is -1036428 - -15?
-1036413
In base 4, what is 3023333310233 + 0?
3023333310233
In base 16, what is 11d02a0 - 13?
11d028d
In base 12, what is 1181 + 1b452?
20613
In base 4, what is -123030123 - 1?
-123030130
In base 16, what is 5 + 7462c?
74631
In base 8, what is 13 - 3236571?
-3236556
In base 8, what is -10507604 + -26?
-10507632
In base 14, what is 2 + 4133747?
4133749
In base 11, what is 299 - 17aa9?
-17810
In base 7, what is 3654650 + -411?
3654236
In base 15, what is -3 - 1b17e1?
-1b17e4
In base 10, what is -114012851 - -4?
-114012847
In base 14, what is -73ab6c - 105?
-73ac73
In base 3, what is 20 - -11000000022020?
11000000022110
In base 4, what is -123 + 11221012003?
11221011220
In base 12, what is -29 - -511065a?
5110631
In base 8, what is 1054637007 - 5?
1054637002
In base 12, what is -10 + -a88a2a6?
-a88a2b6
In base 8, what is 205662 - -114?
205776
In base 2, what is -101 - -1000100010111011?
1000100010110110
In base 14, what is -c95 + 16a32?
15b7b
In base 12, what is -a121626 + -2?
-a121628
In base 8, what is -13 - 42145214?
-42145227
In base 5, what is -224020331 - 200?
-224021031
In base 10, what is 1347 - -6311?
7658
In base 16, what is -80 + 199?
119
In base 11, what is -58 - 266169?
-266216
In base 7, what is -22155313 - 204?
-22155520
In base 13, what is 22b1 + 2498?
4779
In base 10, what is 5 + -8424172?
-8424167
In base 10, what is 3 - -3150289?
3150292
In base 10, what is -763 + -422128?
-422891
In base 11, what is -263a - -4595?
1a56
In base 8, what is -2416 - -40375?
35757
In base 4, what is -11 + -13011200133121?
-13011200133132
In base 11, what is 29 + 10a76701?
10a7672a
In base 14, what is -13c + 13ca?
128c
In base 7, what is 1362 - 216001?
-214306
In base 11, what is 42a + -3a399?
-39a6a
In base 3, what is 221100201 - 222202?
220100222
In base 3, what is -2001011002 - 201120?
-2001212122
In base 13, what is -8429 + aa8c?
2663
In base 3, what is -121002 + 202022212?
201201210
In base 12, what is 15341a281 - -1?
15341a282
In base 7, what is 46 - -1016436?
1016515
In base 7, what is -34331566 - 64?
-34331663
In base 8, what is 1 - -266075137?
266075140
In base 14, what is -2b86658b - -3?
-2b866588
In base 12, what is -437 + -2a877?
-2b0b2
In base 4, what is -102201 - 13000231?
-13103032
In base 3, what is -2000112 - -11020101100?
11011100211
In base 16, what is -74e0 - 1238?
-8718
In base 3, what is 20021020102 - 1020122?
20012222210
In base 15, what is -28c0c - cd?
-28cda
In base 3, what is 1022202222201 - 1121?
1022202221010
In base 8, what is -22114636 + 54?
-22114562
In base 6, what is 52104332 + 13?
52104345
In base 10, what is 3164045 - -3?
3164048
In base 9, what is -24 + 11718384?
11718360
In base 11, what is -80 - -9107?
9037
In base 8, what is -60420 + 2321?
-56077
In base 14, what is -8272 + -83?
-8315
In base 5, what is -403443011 + 10?
-403443001
In base 6, what is 110242522 + 22?
110242544
In base 8, what is 4 - 1072507?
-1072503
In base 2, what is -100 - -1101111001011010101001001?
1101111001011010101000101
In base 16, what is 3 + -12f011b?
-12f0118
In base 10, what is 2 - -114038779?
114038781
In base 7, what is -56 + 21504210?
21504121
In base 16, what is 512 + -591fb?
-58ce9
In base 3, what is 201002 - 11110220?
-10202211
In base 6, what is 14 - 11154441402?
-11154441344
In base 